{"id":271,"date":"2024-02-21T15:17:43","date_gmt":"2024-02-21T14:17:43","guid":{"rendered":"https:\/\/constantinecymbalsspain.es\/?post_type=product&#038;p=271"},"modified":"2026-01-11T23:07:03","modified_gmt":"2026-01-11T22:07:03","slug":"splash-8-constantine-blaze-series","status":"publish","type":"product","link":"https:\/\/constantinecymbalsspain.es\/?product=splash-8-constantine-blaze-series","title":{"rendered":"Ride 20&#8243; Constantine Blaze Series 2485 gr."},"content":{"rendered":"<p>Blaze Series es una serie de acabado torneado mixto con un martillado muy regular. Elaborado con bronce B20 martillado a mano en Turqu\u00eda. Su sonido es controlado, oscuro pero con presencia y un sonido muy definido. Ya sea que est\u00e9 tocando Ac\u00fastica, pop, electr\u00f3nica,&#8230; la Blaze Series le proporcionar\u00e1 el sonido deseado.<\/p>\n","protected":false},"excerpt":{"rendered":"<p>Blaze Series es una serie de acabado torneado mixto con un martillado muy regular. Elaborado con bronce B20 martillado a mano en Turqu\u00eda. Su sonido es controlado, oscuro pero con presencia y un sonido muy definido. Ya sea que est\u00e9 tocando Ac\u00fastica, pop, electr\u00f3nica,&#8230; la Blaze Series le proporcionar\u00e1 el sonido deseado.<\/p>\n","protected":false},"featured_media":232,"comment_status":"open","ping_status":"closed","template":"","meta":{"wds_primary_product_brand":0,"wds_primary_product_cat":0},"product_brand":[74],"product_cat":[23,45,18],"product_tag":[],"class_list":{"0":"post-271","1":"product","2":"type-product","3":"status-publish","4":"has-post-thumbnail","6":"product_brand-constantine","7":"product_cat-23","8":"product_cat-blaze-series","9":"product_cat-ride","11":"first","12":"outofstock","13":"taxable","14":"shipping-taxable","15":"purchasable","16":"product-type-simple"},"jetpack_sharing_enabled":true,"_links":{"self":[{"href":"https:\/\/constantinecymbalsspain.es\/index.php?rest_route=\/wp\/v2\/product\/271","targetHints":{"allow":["GET"]}}],"collection":[{"href":"https:\/\/constantinecymbalsspain.es\/index.php?rest_route=\/wp\/v2\/product"}],"about":[{"href":"https:\/\/constantinecymbalsspain.es\/index.php?rest_route=\/wp\/v2\/types\/product"}],"replies":[{"embeddable":true,"href":"https:\/\/constantinecymbalsspain.es\/index.php?rest_route=%2Fwp%2Fv2%2Fcomments&post=271"}],"wp:featuredmedia":[{"embeddable":true,"href":"https:\/\/constantinecymbalsspain.es\/index.php?rest_route=\/wp\/v2\/media\/232"}],"wp:attachment":[{"href":"https:\/\/constantinecymbalsspain.es\/index.php?rest_route=%2Fwp%2Fv2%2Fmedia&parent=271"}],"wp:term":[{"taxonomy":"product_brand","embeddable":true,"href":"https:\/\/constantinecymbalsspain.es\/index.php?rest_route=%2Fwp%2Fv2%2Fproduct_brand&post=271"},{"taxonomy":"product_cat","embeddable":true,"href":"https:\/\/constantinecymbalsspain.es\/index.php?rest_route=%2Fwp%2Fv2%2Fproduct_cat&post=271"},{"taxonomy":"product_tag","embeddable":true,"href":"https:\/\/constantinecymbalsspain.es\/index.php?rest_route=%2Fwp%2Fv2%2Fproduct_tag&post=271"}],"curies":[{"name":"wp","href":"https:\/\/api.w.org\/{rel}","templated":true}]}}