{"id":327,"date":"2024-02-27T22:53:14","date_gmt":"2024-02-27T21:53:14","guid":{"rendered":"https:\/\/constantinecymbalsspain.es\/?post_type=product&#038;p=327"},"modified":"2026-01-11T23:04:27","modified_gmt":"2026-01-11T22:04:27","slug":"splash-7-constantine-elegance-series","status":"publish","type":"product","link":"https:\/\/constantinecymbalsspain.es\/?product=splash-7-constantine-elegance-series","title":{"rendered":"Splash 7&#8243; Constantine Elegance Series"},"content":{"rendered":"<p>La Elegance Series tiene un acabado Tradicional como la serie classic en el centro del plato, pero con unos surcos tonales mas marcados y con\u00a0 borde y campana de acabado natural Raw. Elaborado con bronce B20 martillado a mano en Turqu\u00eda, son platos con definici\u00f3n y campana afilada pero de sonido nada estridente, es el complemento del m\u00fasico al que le gusta el sonido mas Dark y con menos sustain, pero sin perder proyecci\u00f3n. Ya sea que est\u00e9 tocando Rock, pop, flamenco,&#8230;\u00a0 la Elegance series\u00a0 le puede aportar el sonido deseado.<\/p>\n","protected":false},"excerpt":{"rendered":"<p>La Elegance Series tiene un acabado Tradicional como la serie classic en el centro del plato, pero con unos surcos tonales mas marcados y con\u00a0 borde y campana de acabado natural Raw. Elaborado con bronce B20 martillado a mano en Turqu\u00eda, son platos con definici\u00f3n y campana afilada pero de sonido nada estridente, es el [&hellip;]<\/p>\n","protected":false},"featured_media":233,"comment_status":"open","ping_status":"closed","template":"","meta":{"wds_primary_product_brand":0,"wds_primary_product_cat":0},"product_brand":[74],"product_cat":[53,52,21],"product_tag":[],"class_list":{"0":"post-327","1":"product","2":"type-product","3":"status-publish","4":"has-post-thumbnail","6":"product_brand-constantine","7":"product_cat-53","8":"product_cat-elegance-series","9":"product_cat-splash","11":"first","12":"outofstock","13":"taxable","14":"shipping-taxable","15":"purchasable","16":"product-type-simple"},"jetpack_sharing_enabled":true,"_links":{"self":[{"href":"https:\/\/constantinecymbalsspain.es\/index.php?rest_route=\/wp\/v2\/product\/327","targetHints":{"allow":["GET"]}}],"collection":[{"href":"https:\/\/constantinecymbalsspain.es\/index.php?rest_route=\/wp\/v2\/product"}],"about":[{"href":"https:\/\/constantinecymbalsspain.es\/index.php?rest_route=\/wp\/v2\/types\/product"}],"replies":[{"embeddable":true,"href":"https:\/\/constantinecymbalsspain.es\/index.php?rest_route=%2Fwp%2Fv2%2Fcomments&post=327"}],"wp:featuredmedia":[{"embeddable":true,"href":"https:\/\/constantinecymbalsspain.es\/index.php?rest_route=\/wp\/v2\/media\/233"}],"wp:attachment":[{"href":"https:\/\/constantinecymbalsspain.es\/index.php?rest_route=%2Fwp%2Fv2%2Fmedia&parent=327"}],"wp:term":[{"taxonomy":"product_brand","embeddable":true,"href":"https:\/\/constantinecymbalsspain.es\/index.php?rest_route=%2Fwp%2Fv2%2Fproduct_brand&post=327"},{"taxonomy":"product_cat","embeddable":true,"href":"https:\/\/constantinecymbalsspain.es\/index.php?rest_route=%2Fwp%2Fv2%2Fproduct_cat&post=327"},{"taxonomy":"product_tag","embeddable":true,"href":"https:\/\/constantinecymbalsspain.es\/index.php?rest_route=%2Fwp%2Fv2%2Fproduct_tag&post=327"}],"curies":[{"name":"wp","href":"https:\/\/api.w.org\/{rel}","templated":true}]}}